{"id":54,"date":"2025-02-20T17:59:53","date_gmt":"2025-02-20T17:59:53","guid":{"rendered":"https:\/\/dakar2026learningacademy.org\/?page_id=54"},"modified":"2025-03-04T11:46:12","modified_gmt":"2025-03-04T11:46:12","slug":"le-cojoj","status":"publish","type":"page","link":"https:\/\/dakar2026learningacademy.org\/?page_id=54","title":{"rendered":"LE COJOJ\u00a0"},"content":{"rendered":"\t\t<div data-elementor-type=\"wp-page\" data-elementor-id=\"54\" class=\"elementor elementor-54\" data-elementor-settings=\"{&quot;element_pack_global_tooltip_width&quot;:{&quot;unit&quot;:&quot;px&quot;,&quot;size&quot;:&quot;&quot;,&quot;sizes&quot;:[]},&quot;element_pack_global_tooltip_width_tablet&quot;:{&quot;unit&quot;:&quot;px&quot;,&quot;size&quot;:&quot;&quot;,&quot;sizes&quot;:[]},&quot;element_pack_global_tooltip_width_mobile&quot;:{&quot;unit&quot;:&quot;px&quot;,&quot;size&quot;:&quot;&quot;,&quot;sizes&quot;:[]},&quot;element_pack_global_tooltip_padding&quot;:{&quot;unit&quot;:&quot;px&quot;,&quot;top&quot;:&quot;&quot;,&quot;right&quot;:&quot;&quot;,&quot;bottom&quot;:&quot;&quot;,&quot;left&quot;:&quot;&quot;,&quot;isLinked&quot;:true},&quot;element_pack_global_tooltip_padding_tablet&quot;:{&quot;unit&quot;:&quot;px&quot;,&quot;top&quot;:&quot;&quot;,&quot;right&quot;:&quot;&quot;,&quot;bottom&quot;:&quot;&quot;,&quot;left&quot;:&quot;&quot;,&quot;isLinked&quot;:true},&quot;element_pack_global_tooltip_padding_mobile&quot;:{&quot;unit&quot;:&quot;px&quot;,&quot;top&quot;:&quot;&quot;,&quot;right&quot;:&quot;&quot;,&quot;bottom&quot;:&quot;&quot;,&quot;left&quot;:&quot;&quot;,&quot;isLinked&quot;:true},&quot;element_pack_global_tooltip_border_radius&quot;:{&quot;unit&quot;:&quot;px&quot;,&quot;top&quot;:&quot;&quot;,&quot;right&quot;:&quot;&quot;,&quot;bottom&quot;:&quot;&quot;,&quot;left&quot;:&quot;&quot;,&quot;isLinked&quot;:true},&quot;element_pack_global_tooltip_border_radius_tablet&quot;:{&quot;unit&quot;:&quot;px&quot;,&quot;top&quot;:&quot;&quot;,&quot;right&quot;:&quot;&quot;,&quot;bottom&quot;:&quot;&quot;,&quot;left&quot;:&quot;&quot;,&quot;isLinked&quot;:true},&quot;element_pack_global_tooltip_border_radius_mobile&quot;:{&quot;unit&quot;:&quot;px&quot;,&quot;top&quot;:&quot;&quot;,&quot;right&quot;:&quot;&quot;,&quot;bottom&quot;:&quot;&quot;,&quot;left&quot;:&quot;&quot;,&quot;isLinked&quot;:true}}\">\n\t\t\t\t\t\t<section class=\"elementor-section elementor-top-section elementor-element elementor-element-9a27798 elementor-section-height-min-height elementor-section-boxed elementor-section-height-default elementor-section-items-middle\" data-id=\"9a27798\" data-element_type=\"section\" data-settings=\"{&quot;background_background&quot;:&quot;classic&quot;}\">\n\t\t\t\t\t\t\t<div class=\"elementor-background-overlay\"><\/div>\n\t\t\t\t\t\t\t<div class=\"elementor-container elementor-column-gap-default\">\n\t\t\t\t\t<div class=\"elementor-column elementor-col-100 elementor-top-column elementor-element elementor-element-41164e6\" data-id=\"41164e6\" data-element_type=\"column\">\n\t\t\t<div class=\"elementor-widget-wrap elementor-element-populated\">\n\t\t\t\t\t\t<div class=\"elementor-element elementor-element-163aa05 elementor-widget elementor-widget-heading\" data-id=\"163aa05\" data-element_type=\"widget\" data-widget_type=\"heading.default\">\n\t\t\t\t<div class=\"elementor-widget-container\">\n\t\t\t\t\t<h2 class=\"elementor-heading-title elementor-size-default\">LE COMIT\u00c9 D\u2019ORGANISATION DES JEUX OLYMPIQUES DE LA JEUNESSE<\/h2>\t\t\t\t<\/div>\n\t\t\t\t<\/div>\n\t\t\t\t\t<\/div>\n\t\t<\/div>\n\t\t\t\t\t<\/div>\n\t\t<\/section>\n\t\t\t\t<section class=\"elementor-section elementor-top-section elementor-element elementor-element-529b1d7 elementor-section-full_width elementor-section-height-default elementor-section-height-default\" data-id=\"529b1d7\" data-element_type=\"section\" data-settings=\"{&quot;background_background&quot;:&quot;classic&quot;}\">\n\t\t\t\t\t\t<div class=\"elementor-container elementor-column-gap-default\">\n\t\t\t\t\t<div class=\"elementor-column elementor-col-100 elementor-top-column elementor-element elementor-element-871010e\" data-id=\"871010e\" data-element_type=\"column\">\n\t\t\t<div class=\"elementor-widget-wrap elementor-element-populated\">\n\t\t\t\t\t\t<section class=\"elementor-section elementor-inner-section elementor-element elementor-element-46cec12 elementor-reverse-tablet elementor-reverse-mobile elementor-section-boxed elementor-section-height-default elementor-section-height-default\" data-id=\"46cec12\" data-element_type=\"section\">\n\t\t\t\t\t\t<div class=\"elementor-container elementor-column-gap-default\">\n\t\t\t\t\t<div class=\"elementor-column elementor-col-50 elementor-inner-column elementor-element elementor-element-d91c6c3 elementor-invisible\" data-id=\"d91c6c3\" data-element_type=\"column\" data-settings=\"{&quot;animation&quot;:&quot;fadeInLeft&quot;}\">\n\t\t\t<div class=\"elementor-widget-wrap elementor-element-populated\">\n\t\t\t\t\t\t<div class=\"elementor-element elementor-element-195aa2a elementor-align-left elementor-icon-list--layout-traditional elementor-list-item-link-full_width elementor-widget elementor-widget-icon-list\" data-id=\"195aa2a\" data-element_type=\"widget\" data-widget_type=\"icon-list.default\">\n\t\t\t\t<div class=\"elementor-widget-container\">\n\t\t\t\t\t\t\t<ul class=\"elementor-icon-list-items\">\n\t\t\t\t\t\t\t<li class=\"elementor-icon-list-item\">\n\t\t\t\t\t\t\t\t\t\t<span class=\"elementor-icon-list-text\">\u00a0\u201cDakar 2026 \u2013 la Jeunesse et le Sport pour une contribution \u00e0 la transformation du S\u00e9n\u00e9gal et une source d'inspiration pour l'Afrique\".\u202f<\/span>\n\t\t\t\t\t\t\t\t\t<\/li>\n\t\t\t\t\t\t<\/ul>\n\t\t\t\t\t\t<\/div>\n\t\t\t\t<\/div>\n\t\t\t\t<div class=\"elementor-element elementor-element-04d3162 elementor-widget elementor-widget-heading\" data-id=\"04d3162\" data-element_type=\"widget\" data-widget_type=\"heading.default\">\n\t\t\t\t<div class=\"elementor-widget-container\">\n\t\t\t\t\t<h2 class=\"elementor-heading-title elementor-size-default\">Missions<\/h2>\t\t\t\t<\/div>\n\t\t\t\t<\/div>\n\t\t\t\t<div class=\"elementor-element elementor-element-d60c6e8 elementor-align-left elementor-icon-list--layout-traditional elementor-list-item-link-full_width elementor-widget elementor-widget-icon-list\" data-id=\"d60c6e8\" data-element_type=\"widget\" data-widget_type=\"icon-list.default\">\n\t\t\t\t<div class=\"elementor-widget-container\">\n\t\t\t\t\t\t\t<ul class=\"elementor-icon-list-items\">\n\t\t\t\t\t\t\t<li class=\"elementor-icon-list-item\">\n\t\t\t\t\t\t\t\t\t\t<span class=\"elementor-icon-list-text\">De fa\u00e7on sp\u00e9cifique, les missions du COJOJ de Dakar 2026 se d\u00e9clinent autour de cinq dimensions.\u202f\u00a0<\/span>\n\t\t\t\t\t\t\t\t\t<\/li>\n\t\t\t\t\t\t<\/ul>\n\t\t\t\t\t\t<\/div>\n\t\t\t\t<\/div>\n\t\t\t\t<div class=\"elementor-element elementor-element-aa9847e elementor-align-left elementor-icon-list--layout-traditional elementor-list-item-link-full_width elementor-widget elementor-widget-icon-list\" data-id=\"aa9847e\" data-element_type=\"widget\" data-widget_type=\"icon-list.default\">\n\t\t\t\t<div class=\"elementor-widget-container\">\n\t\t\t\t\t\t\t<ul class=\"elementor-icon-list-items\">\n\t\t\t\t\t\t\t<li class=\"elementor-icon-list-item\">\n\t\t\t\t\t\t\t\t\t\t<span class=\"elementor-icon-list-text\"><div style= \"text-align:justify\"><b style= \"color:#0078D0\">1. R\u00e9unir <\/b>en toute s\u00e9curit\u00e9, les meilleurs jeunes athl\u00e8tes autour de Jeux sportifs, inclusifs et festifs qui valorisent l\u2019excellence, l\u2019amiti\u00e9 et le respect\u202f: il s\u2019agit de cr\u00e9er de bonnes conditions d\u2019arriv\u00e9e, de s\u00e9jour, de comp\u00e9titions, de participation aux festivit\u00e9s, de c\u00e9l\u00e9bration et de retour aux athl\u00e8tes et \u00e0 tous leurs accompagnants ;\u202f\u202f<\/div><\/span>\n\t\t\t\t\t\t\t\t\t<\/li>\n\t\t\t\t\t\t\t\t<li class=\"elementor-icon-list-item\">\n\t\t\t\t\t\t\t\t\t\t<span class=\"elementor-icon-list-text\"><div style= \"text-align:justify\"><b style= \"color:#FFE72E\">2. C\u00e9l\u00e9brer  <\/b>le sport et la culture dans la tradition de la \u00ab\u202fT\u00e9ranga\u202f\u00bb s\u00e9n\u00e9galaise, r\u00e9unissant les jeunes du monde entier dans une comp\u00e9tition pacifique, ouvrant l\u2019Afrique au monde et le monde \u00e0 l\u2019Afrique\u202f: il s\u2019agit de d\u00e9montrer la capacit\u00e9 d\u2019accueillir avec succ\u00e8s des \u00e9v\u00e9nements sportifs internationaux majeurs et, pour la premi\u00e8re fois, un \u00e9v\u00e9nement olympique sur le continent africain,\u00a0 et aussi de mener des activit\u00e9s d\u2019\u00e9change et de d\u00e9couverte des cultures africaines et du monde ;\u202f\u202f\u00a0\u202f<\/div><\/span>\n\t\t\t\t\t\t\t\t\t<\/li>\n\t\t\t\t\t\t\t\t<li class=\"elementor-icon-list-item\">\n\t\t\t\t\t\t\t\t\t\t<span class=\"elementor-icon-list-text\"><div style= \"text-align:justify\"><b style= \"color:black\">3. Renforcer <\/b>\u202fle r\u00f4le du sport comme facteur de coh\u00e9sion sociale chez la jeunesse locale, ainsi que le sentiment de confiance et de fiert\u00e9, le sens du travail en \u00e9quipe, de la poursuite de l\u2019excellence et un engagement fort en faveur du d\u00e9veloppement durable, du civisme et de la citoyennet\u00e9\u202f:il s\u2019agit de diffuser l\u2019olympisme et ses valeurs, partag\u00e9s avec le plus grand nombre de jeunes du S\u00e9n\u00e9gal et d\u2019Afrique\u202f;\u202f\u202f\u00a0<\/div><\/span>\n\t\t\t\t\t\t\t\t\t<\/li>\n\t\t\t\t\t\t\t\t<li class=\"elementor-icon-list-item\">\n\t\t\t\t\t\t\t\t\t\t<span class=\"elementor-icon-list-text\"><div style= \"text-align:justify\"><b style= \"color:#F0282D\">4. Contribuer <\/b>\u202f\u00e0 l\u2019\u00e9mergence \u00e9conomique, au d\u00e9veloppement social, \u00e0 la pr\u00e9servation de l\u2019environnement au S\u00e9n\u00e9gal et en Afrique et \u00e0 la promotion de la culture du volontariat\u202f: il s\u2019agit de veiller \u00e0 l\u2019implication de l\u2019ensemble des segments de la population s\u00e9n\u00e9galaise (acteurs \u00e9conomiques, soci\u00e9t\u00e9 civile, jeunes, femmes, etc.) et leur permettre d\u2019en tirer les meilleurs profits en termes de retomb\u00e9es durables aux plans \u00e9conomique, social et environnemental\u202f;\u202f <\/div><\/span>\n\t\t\t\t\t\t\t\t\t<\/li>\n\t\t\t\t\t\t\t\t<li class=\"elementor-icon-list-item\">\n\t\t\t\t\t\t\t\t\t\t<span class=\"elementor-icon-list-text\"><div style= \"text-align:justify\"><b style= \"color:#00A651\">5. Organiser  <\/b>\u202fdes Jeux transformateurs qui serviront de catalyseurs au renforcement des capacit\u00e9s de la jeunesse et au d\u00e9veloppement du sport au S\u00e9n\u00e9gal et en Afrique\u202f: il s\u2019agit d\u2019engager des jeunes dans l\u2019organisation des JOJ et dans les activit\u00e9s de pr\u00e9paration, ainsi que celles sportives dans la p\u00e9riode pr\u00e9c\u00e9dant les Jeux et pendant les Jeux en 2026<\/div><\/span>\n\t\t\t\t\t\t\t\t\t<\/li>\n\t\t\t\t\t\t<\/ul>\n\t\t\t\t\t\t<\/div>\n\t\t\t\t<\/div>\n\t\t\t\t<div class=\"elementor-element elementor-element-773621f elementor-align-left elementor-icon-list--layout-traditional elementor-list-item-link-full_width elementor-widget elementor-widget-icon-list\" data-id=\"773621f\" data-element_type=\"widget\" data-widget_type=\"icon-list.default\">\n\t\t\t\t<div class=\"elementor-widget-container\">\n\t\t\t\t\t\t\t<ul class=\"elementor-icon-list-items\">\n\t\t\t\t\t\t\t<li class=\"elementor-icon-list-item\">\n\t\t\t\t\t\t\t\t\t\t<span class=\"elementor-icon-list-text\">C\u2019est aussi un projet qui place la transformation au c\u0153ur de son ambition, avec un h\u00e9ritage pour les g\u00e9n\u00e9rations \u00e0 venir.<\/span>\n\t\t\t\t\t\t\t\t\t<\/li>\n\t\t\t\t\t\t<\/ul>\n\t\t\t\t\t\t<\/div>\n\t\t\t\t<\/div>\n\t\t\t\t<div class=\"elementor-element elementor-element-c8367ac elementor-align-left elementor-icon-list--layout-traditional elementor-list-item-link-full_width elementor-widget elementor-widget-icon-list\" data-id=\"c8367ac\" data-element_type=\"widget\" data-widget_type=\"icon-list.default\">\n\t\t\t\t<div class=\"elementor-widget-container\">\n\t\t\t\t\t\t\t<ul class=\"elementor-icon-list-items\">\n\t\t\t\t\t\t\t<li class=\"elementor-icon-list-item\">\n\t\t\t\t\t\t\t\t\t\t<span class=\"elementor-icon-list-text\">Pour plus d\u2019informations rendez-vous sur : <\/span>\n\t\t\t\t\t\t\t\t\t<\/li>\n\t\t\t\t\t\t<\/ul>\n\t\t\t\t\t\t<\/div>\n\t\t\t\t<\/div>\n\t\t\t\t<div class=\"elementor-element elementor-element-5e75608 elementor-widget elementor-widget-button\" data-id=\"5e75608\" data-element_type=\"widget\" data-widget_type=\"button.default\">\n\t\t\t\t<div class=\"elementor-widget-container\">\n\t\t\t\t\t\t\t\t\t<div class=\"elementor-button-wrapper\">\n\t\t\t\t\t<a class=\"elementor-button elementor-button-link elementor-size-sm\" href=\"https:\/\/www.olympics.com\/fr\/dakar-2026\/le-comite-dorganisation\/\">\n\t\t\t\t\t\t<span class=\"elementor-button-content-wrapper\">\n\t\t\t\t\t\t\t\t\t<span class=\"elementor-button-text\">LE COMIT\u00c9 D\u2019ORGANISATION\u00a0 \u2013 Jeux olympiques de la jeunesse<\/span>\n\t\t\t\t\t<\/span>\n\t\t\t\t\t<\/a>\n\t\t\t\t<\/div>\n\t\t\t\t\t\t\t\t<\/div>\n\t\t\t\t<\/div>\n\t\t\t\t\t<\/div>\n\t\t<\/div>\n\t\t\t\t<div class=\"elementor-column elementor-col-50 elementor-inner-column elementor-element elementor-element-53d1407 animated-slow elementor-invisible\" data-id=\"53d1407\" data-element_type=\"column\" data-settings=\"{&quot;animation&quot;:&quot;fadeInDown&quot;}\">\n\t\t\t<div class=\"elementor-widget-wrap elementor-element-populated\">\n\t\t\t\t\t\t<div class=\"elementor-element elementor-element-3ce9363 elementor-widget elementor-widget-image\" data-id=\"3ce9363\" data-element_type=\"widget\" data-widget_type=\"image.default\">\n\t\t\t\t<div class=\"elementor-widget-container\">\n\t\t\t\t\t\t\t\t\t\t\t\t\t\t\t<img fetchpriority=\"high\" decoding=\"async\" width=\"800\" height=\"544\" src=\"https:\/\/dakar2026learningacademy.org\/wp-content\/uploads\/2025\/02\/Photo-2--1024x696.jpg\" class=\"attachment-large size-large wp-image-529\" alt=\"\" srcset=\"https:\/\/dakar2026learningacademy.org\/wp-content\/uploads\/2025\/02\/Photo-2--1024x696.jpg 1024w, https:\/\/dakar2026learningacademy.org\/wp-content\/uploads\/2025\/02\/Photo-2--300x204.jpg 300w, https:\/\/dakar2026learningacademy.org\/wp-content\/uploads\/2025\/02\/Photo-2--768x522.jpg 768w, https:\/\/dakar2026learningacademy.org\/wp-content\/uploads\/2025\/02\/Photo-2--18x12.jpg 18w, https:\/\/dakar2026learningacademy.org\/wp-content\/uploads\/2025\/02\/Photo-2-.jpg 1341w\" sizes=\"(max-width: 800px) 100vw, 800px\" \/>\t\t\t\t\t\t\t\t\t\t\t\t\t\t\t<\/div>\n\t\t\t\t<\/div>\n\t\t\t\t\t<\/div>\n\t\t<\/div>\n\t\t\t\t\t<\/div>\n\t\t<\/section>\n\t\t\t\t\t<\/div>\n\t\t<\/div>\n\t\t\t\t\t<\/div>\n\t\t<\/section>\n\t\t\t\t<\/div>\n\t\t","protected":false},"excerpt":{"rendered":"<p>LE COMIT\u00c9 D\u2019ORGANISATION DES JEUX OLYMPIQUES DE LA JEUNESSE \u00a0\u201cDakar 2026 \u2013 la Jeunesse et le Sport pour une contribution \u00e0 la transformation du S\u00e9n\u00e9gal et une source d&rsquo;inspiration pour l&rsquo;Afrique\u00a0\u00bb.\u202f Missions De fa\u00e7on sp\u00e9cifique, les missions du COJOJ de Dakar 2026 se d\u00e9clinent autour de cinq dimensions.\u202f\u00a0 1. R\u00e9unir en toute s\u00e9curit\u00e9, les meilleurs [&hellip;]<\/p>\n","protected":false},"author":1,"featured_media":0,"parent":0,"menu_order":0,"comment_status":"closed","ping_status":"closed","template":"elementor_header_footer","meta":{"_acf_changed":false,"footnotes":""},"class_list":["post-54","page","type-page","status-publish","hentry"],"acf":[],"_links":{"self":[{"href":"https:\/\/dakar2026learningacademy.org\/index.php?rest_route=\/wp\/v2\/pages\/54","targetHints":{"allow":["GET"]}}],"collection":[{"href":"https:\/\/dakar2026learningacademy.org\/index.php?rest_route=\/wp\/v2\/pages"}],"about":[{"href":"https:\/\/dakar2026learningacademy.org\/index.php?rest_route=\/wp\/v2\/types\/page"}],"author":[{"embeddable":true,"href":"https:\/\/dakar2026learningacademy.org\/index.php?rest_route=\/wp\/v2\/users\/1"}],"replies":[{"embeddable":true,"href":"https:\/\/dakar2026learningacademy.org\/index.php?rest_route=%2Fwp%2Fv2%2Fcomments&post=54"}],"version-history":[{"count":0,"href":"https:\/\/dakar2026learningacademy.org\/index.php?rest_route=\/wp\/v2\/pages\/54\/revisions"}],"wp:attachment":[{"href":"https:\/\/dakar2026learningacademy.org\/index.php?rest_route=%2Fwp%2Fv2%2Fmedia&parent=54"}],"curies":[{"name":"wp","href":"https:\/\/api.w.org\/{rel}","templated":true}]}}