{"id":198,"date":"2025-02-21T00:07:30","date_gmt":"2025-02-21T00:07:30","guid":{"rendered":"https:\/\/dakar2026learningacademy.org\/?page_id=198"},"modified":"2025-07-30T14:09:26","modified_gmt":"2025-07-30T14:09:26","slug":"ambassadeurs","status":"publish","type":"page","link":"https:\/\/dakar2026learningacademy.org\/?page_id=198","title":{"rendered":"Ambassadeurs"},"content":{"rendered":"\t\t<div data-elementor-type=\"wp-page\" data-elementor-id=\"198\" class=\"elementor elementor-198\" data-elementor-settings=\"{&quot;element_pack_global_tooltip_width&quot;:{&quot;unit&quot;:&quot;px&quot;,&quot;size&quot;:&quot;&quot;,&quot;sizes&quot;:[]},&quot;element_pack_global_tooltip_width_tablet&quot;:{&quot;unit&quot;:&quot;px&quot;,&quot;size&quot;:&quot;&quot;,&quot;sizes&quot;:[]},&quot;element_pack_global_tooltip_width_mobile&quot;:{&quot;unit&quot;:&quot;px&quot;,&quot;size&quot;:&quot;&quot;,&quot;sizes&quot;:[]},&quot;element_pack_global_tooltip_padding&quot;:{&quot;unit&quot;:&quot;px&quot;,&quot;top&quot;:&quot;&quot;,&quot;right&quot;:&quot;&quot;,&quot;bottom&quot;:&quot;&quot;,&quot;left&quot;:&quot;&quot;,&quot;isLinked&quot;:true},&quot;element_pack_global_tooltip_padding_tablet&quot;:{&quot;unit&quot;:&quot;px&quot;,&quot;top&quot;:&quot;&quot;,&quot;right&quot;:&quot;&quot;,&quot;bottom&quot;:&quot;&quot;,&quot;left&quot;:&quot;&quot;,&quot;isLinked&quot;:true},&quot;element_pack_global_tooltip_padding_mobile&quot;:{&quot;unit&quot;:&quot;px&quot;,&quot;top&quot;:&quot;&quot;,&quot;right&quot;:&quot;&quot;,&quot;bottom&quot;:&quot;&quot;,&quot;left&quot;:&quot;&quot;,&quot;isLinked&quot;:true},&quot;element_pack_global_tooltip_border_radius&quot;:{&quot;unit&quot;:&quot;px&quot;,&quot;top&quot;:&quot;&quot;,&quot;right&quot;:&quot;&quot;,&quot;bottom&quot;:&quot;&quot;,&quot;left&quot;:&quot;&quot;,&quot;isLinked&quot;:true},&quot;element_pack_global_tooltip_border_radius_tablet&quot;:{&quot;unit&quot;:&quot;px&quot;,&quot;top&quot;:&quot;&quot;,&quot;right&quot;:&quot;&quot;,&quot;bottom&quot;:&quot;&quot;,&quot;left&quot;:&quot;&quot;,&quot;isLinked&quot;:true},&quot;element_pack_global_tooltip_border_radius_mobile&quot;:{&quot;unit&quot;:&quot;px&quot;,&quot;top&quot;:&quot;&quot;,&quot;right&quot;:&quot;&quot;,&quot;bottom&quot;:&quot;&quot;,&quot;left&quot;:&quot;&quot;,&quot;isLinked&quot;:true}}\">\n\t\t\t\t\t\t<section class=\"elementor-section elementor-top-section elementor-element elementor-element-238c88e elementor-section-height-min-height elementor-section-boxed elementor-section-height-default elementor-section-items-middle\" data-id=\"238c88e\" data-element_type=\"section\">\n\t\t\t\t\t\t\t<div class=\"elementor-background-overlay\"><\/div>\n\t\t\t\t\t\t\t<div class=\"elementor-container elementor-column-gap-default\">\n\t\t\t\t\t<div class=\"elementor-column elementor-col-100 elementor-top-column elementor-element elementor-element-18e4f7d\" data-id=\"18e4f7d\" data-element_type=\"column\">\n\t\t\t<div class=\"elementor-widget-wrap elementor-element-populated\">\n\t\t\t\t\t\t<div class=\"elementor-element elementor-element-8bdec56 elementor-widget elementor-widget-heading\" data-id=\"8bdec56\" data-element_type=\"widget\" data-widget_type=\"heading.default\">\n\t\t\t\t<div class=\"elementor-widget-container\">\n\t\t\t\t\t<h2 class=\"elementor-heading-title elementor-size-default\">Ambassadeurs<\/h2>\t\t\t\t<\/div>\n\t\t\t\t<\/div>\n\t\t\t\t\t<\/div>\n\t\t<\/div>\n\t\t\t\t\t<\/div>\n\t\t<\/section>\n\t\t\t\t<section class=\"elementor-section elementor-top-section elementor-element elementor-element-a4746aa elementor-section-full_width elementor-section-content-middle elementor-section-height-default elementor-section-height-default\" data-id=\"a4746aa\" data-element_type=\"section\" data-settings=\"{&quot;background_background&quot;:&quot;classic&quot;}\">\n\t\t\t\t\t\t<div class=\"elementor-container elementor-column-gap-default\">\n\t\t\t\t\t<div class=\"elementor-column elementor-col-100 elementor-top-column elementor-element elementor-element-163fb59\" data-id=\"163fb59\" data-element_type=\"column\">\n\t\t\t<div class=\"elementor-widget-wrap elementor-element-populated\">\n\t\t\t\t\t\t<section class=\"elementor-section elementor-inner-section elementor-element elementor-element-1e455a1 elementor-reverse-tablet elementor-section-content-middle elementor-section-boxed elementor-section-height-default elementor-section-height-default\" data-id=\"1e455a1\" data-element_type=\"section\">\n\t\t\t\t\t\t<div class=\"elementor-container elementor-column-gap-default\">\n\t\t\t\t\t<div class=\"elementor-column elementor-col-50 elementor-inner-column elementor-element elementor-element-47b4157 elementor-invisible\" data-id=\"47b4157\" data-element_type=\"column\" data-settings=\"{&quot;animation&quot;:&quot;fadeInLeft&quot;}\">\n\t\t\t<div class=\"elementor-widget-wrap elementor-element-populated\">\n\t\t\t\t\t\t<div class=\"elementor-element elementor-element-dbc38b2 elementor-widget elementor-widget-image\" data-id=\"dbc38b2\" data-element_type=\"widget\" data-widget_type=\"image.default\">\n\t\t\t\t<div class=\"elementor-widget-container\">\n\t\t\t\t\t\t\t\t\t\t\t\t\t\t\t<img fetchpriority=\"high\" decoding=\"async\" width=\"800\" height=\"800\" src=\"https:\/\/dakar2026learningacademy.org\/wp-content\/uploads\/2025\/07\/ClipDown.com_504457877_18506284369018207_708557857727597115_n-1024x1024.webp\" class=\"attachment-large size-large wp-image-8556\" alt=\"\" srcset=\"https:\/\/dakar2026learningacademy.org\/wp-content\/uploads\/2025\/07\/ClipDown.com_504457877_18506284369018207_708557857727597115_n-1024x1024.webp 1024w, https:\/\/dakar2026learningacademy.org\/wp-content\/uploads\/2025\/07\/ClipDown.com_504457877_18506284369018207_708557857727597115_n-300x300.webp 300w, https:\/\/dakar2026learningacademy.org\/wp-content\/uploads\/2025\/07\/ClipDown.com_504457877_18506284369018207_708557857727597115_n-150x150.webp 150w, https:\/\/dakar2026learningacademy.org\/wp-content\/uploads\/2025\/07\/ClipDown.com_504457877_18506284369018207_708557857727597115_n-768x768.webp 768w, https:\/\/dakar2026learningacademy.org\/wp-content\/uploads\/2025\/07\/ClipDown.com_504457877_18506284369018207_708557857727597115_n-12x12.webp 12w, https:\/\/dakar2026learningacademy.org\/wp-content\/uploads\/2025\/07\/ClipDown.com_504457877_18506284369018207_708557857727597115_n.webp 1080w\" sizes=\"(max-width: 800px) 100vw, 800px\" \/>\t\t\t\t\t\t\t\t\t\t\t\t\t\t\t<\/div>\n\t\t\t\t<\/div>\n\t\t\t\t\t<\/div>\n\t\t<\/div>\n\t\t\t\t<div class=\"elementor-column elementor-col-50 elementor-inner-column elementor-element elementor-element-21173bc elementor-invisible\" data-id=\"21173bc\" data-element_type=\"column\" data-settings=\"{&quot;animation&quot;:&quot;fadeInLeft&quot;}\">\n\t\t\t<div class=\"elementor-widget-wrap elementor-element-populated\">\n\t\t\t\t\t\t<div class=\"elementor-element elementor-element-19a52a4 elementor-widget elementor-widget-heading\" data-id=\"19a52a4\" data-element_type=\"widget\" data-widget_type=\"heading.default\">\n\t\t\t\t<div class=\"elementor-widget-container\">\n\t\t\t\t\t<h2 class=\"elementor-heading-title elementor-size-default\">SOBEL AZIZ NGOM  <\/h2>\t\t\t\t<\/div>\n\t\t\t\t<\/div>\n\t\t\t\t<div class=\"elementor-element elementor-element-f344659 elementor-widget elementor-widget-heading\" data-id=\"f344659\" data-element_type=\"widget\" data-widget_type=\"heading.default\">\n\t\t\t\t<div class=\"elementor-widget-container\">\n\t\t\t\t\t<h2 class=\"elementor-heading-title elementor-size-default\">Entrepreneur social, militant pour l\u2019employabilit\u00e9 des jeunes <\/h2>\t\t\t\t<\/div>\n\t\t\t\t<\/div>\n\t\t\t\t<div class=\"elementor-element elementor-element-0bf6efc elementor-widget elementor-widget-text-editor\" data-id=\"0bf6efc\" data-element_type=\"widget\" data-widget_type=\"text-editor.default\">\n\t\t\t\t<div class=\"elementor-widget-container\">\n\t\t\t\t\t\t\t\t\t<p><span data-contrast=\"auto\">Sobel Aziz Ngom est un acteur cl\u00e9 de la transformation sociale au S\u00e9n\u00e9gal. \u00c0 la t\u00eate du consortium Jeunesse S\u00e9n\u00e9gal, il travaille sans rel\u00e2che pour am\u00e9liorer l\u2019employabilit\u00e9, l\u2019\u00e9ducation et la participation citoyenne des jeunes. Son engagement se traduit par des projets concrets et une vision forte : lib\u00e9rer le potentiel de la jeunesse africaine.<\/span><span data-ccp-props=\"{}\">\u00a0<\/span><\/p><p><span data-ccp-props=\"{}\">\u00a0<\/span><span data-contrast=\"auto\">Leader reconnu, il croit en une Afrique port\u00e9e par ses talents, ses id\u00e9es et son audace. Inspirant et d\u00e9termin\u00e9, Sobel agit pour un avenir o\u00f9 chaque jeune peut devenir acteur de sa propre r\u00e9ussite.<\/span><span data-ccp-props=\"{}\">\u00a0<\/span><\/p>\t\t\t\t\t\t\t\t<\/div>\n\t\t\t\t<\/div>\n\t\t\t\t\t<\/div>\n\t\t<\/div>\n\t\t\t\t\t<\/div>\n\t\t<\/section>\n\t\t\t\t<section class=\"elementor-section elementor-inner-section elementor-element elementor-element-35ac13d elementor-reverse-tablet elementor-reverse-mobile elementor-section-content-middle elementor-section-boxed elementor-section-height-default elementor-section-height-default\" data-id=\"35ac13d\" data-element_type=\"section\">\n\t\t\t\t\t\t<div class=\"elementor-container elementor-column-gap-default\">\n\t\t\t\t\t<div class=\"elementor-column elementor-col-50 elementor-inner-column elementor-element elementor-element-c7f730c elementor-invisible\" data-id=\"c7f730c\" data-element_type=\"column\" data-settings=\"{&quot;animation&quot;:&quot;fadeInLeft&quot;}\">\n\t\t\t<div class=\"elementor-widget-wrap elementor-element-populated\">\n\t\t\t\t\t\t<div class=\"elementor-element elementor-element-14dd4fc elementor-widget elementor-widget-heading\" data-id=\"14dd4fc\" data-element_type=\"widget\" data-widget_type=\"heading.default\">\n\t\t\t\t<div class=\"elementor-widget-container\">\n\t\t\t\t\t<h2 class=\"elementor-heading-title elementor-size-default\">ELZO JAMDONG <\/h2>\t\t\t\t<\/div>\n\t\t\t\t<\/div>\n\t\t\t\t<div class=\"elementor-element elementor-element-55907e9 elementor-widget elementor-widget-heading\" data-id=\"55907e9\" data-element_type=\"widget\" data-widget_type=\"heading.default\">\n\t\t\t\t<div class=\"elementor-widget-container\">\n\t\t\t\t\t<h2 class=\"elementor-heading-title elementor-size-default\">Artiste, Entrepreneur culturel s\u00e9n\u00e9galais <\/h2>\t\t\t\t<\/div>\n\t\t\t\t<\/div>\n\t\t\t\t<div class=\"elementor-element elementor-element-3927189 elementor-widget elementor-widget-text-editor\" data-id=\"3927189\" data-element_type=\"widget\" data-widget_type=\"text-editor.default\">\n\t\t\t\t<div class=\"elementor-widget-container\">\n\t\t\t\t\t\t\t\t\t<p><span data-contrast=\"auto\">Figure embl\u00e9matique de la sc\u00e8ne urbaine s\u00e9n\u00e9galaise, Elzo Jamdong incarne une g\u00e9n\u00e9ration cr\u00e9ative, consciente et connect\u00e9e au monde. \u00c0 travers sa musique, il fusionne les cultures, transcende les fronti\u00e8res et donne une voix aux aspirations de la jeunesse africaine.<\/span><span data-ccp-props=\"{}\">\u00a0<\/span><\/p><p><span data-contrast=\"auto\">\u00a0<\/span><span data-ccp-props=\"{}\">\u00a0<\/span><span data-contrast=\"auto\">Au-del\u00e0 de son talent d\u2019artiste, Elzo est un entrepreneur culturel engag\u00e9, qui croit en la force des id\u00e9es, de l\u2019union et de l\u2019action collective. Il repr\u00e9sente un mod\u00e8le de r\u00e9ussite inspirant pour tous ceux qui r\u00eavent grand et osent aller au bout de leurs ambitions.<\/span><span data-ccp-props=\"{}\">\u00a0<\/span><\/p><p><span data-contrast=\"auto\">\u00a0<\/span><span data-ccp-props=\"{}\">\u00a0<\/span><span data-contrast=\"auto\">En tant qu\u2019ambassadeur de Dakar 2026, Elzo symbolise l\u2019esprit d\u2019innovation, la fiert\u00e9 de l\u2019identit\u00e9 africaine et la force du mouvement urbain dans le rayonnement des Jeux Olympiques de la Jeunesse.<\/span><span data-ccp-props=\"{}\">\u00a0<\/span><\/p>\t\t\t\t\t\t\t\t<\/div>\n\t\t\t\t<\/div>\n\t\t\t\t\t<\/div>\n\t\t<\/div>\n\t\t\t\t<div class=\"elementor-column elementor-col-50 elementor-inner-column elementor-element elementor-element-19bf2fd elementor-invisible\" data-id=\"19bf2fd\" data-element_type=\"column\" data-settings=\"{&quot;animation&quot;:&quot;fadeInLeft&quot;}\">\n\t\t\t<div class=\"elementor-widget-wrap elementor-element-populated\">\n\t\t\t\t\t\t<div class=\"elementor-element elementor-element-8fbdad2 elementor-widget elementor-widget-image\" data-id=\"8fbdad2\" data-element_type=\"widget\" data-widget_type=\"image.default\">\n\t\t\t\t<div class=\"elementor-widget-container\">\n\t\t\t\t\t\t\t\t\t\t\t\t\t\t\t<img decoding=\"async\" width=\"800\" height=\"1000\" src=\"https:\/\/dakar2026learningacademy.org\/wp-content\/uploads\/2025\/07\/ClipDown.com_482564219_18034771253537378_5811909817503744188_n-819x1024.jpg\" class=\"attachment-large size-large wp-image-8555\" alt=\"\" srcset=\"https:\/\/dakar2026learningacademy.org\/wp-content\/uploads\/2025\/07\/ClipDown.com_482564219_18034771253537378_5811909817503744188_n-819x1024.jpg 819w, https:\/\/dakar2026learningacademy.org\/wp-content\/uploads\/2025\/07\/ClipDown.com_482564219_18034771253537378_5811909817503744188_n-240x300.jpg 240w, https:\/\/dakar2026learningacademy.org\/wp-content\/uploads\/2025\/07\/ClipDown.com_482564219_18034771253537378_5811909817503744188_n-768x960.jpg 768w, https:\/\/dakar2026learningacademy.org\/wp-content\/uploads\/2025\/07\/ClipDown.com_482564219_18034771253537378_5811909817503744188_n-10x12.jpg 10w, https:\/\/dakar2026learningacademy.org\/wp-content\/uploads\/2025\/07\/ClipDown.com_482564219_18034771253537378_5811909817503744188_n.jpg 1080w\" sizes=\"(max-width: 800px) 100vw, 800px\" \/>\t\t\t\t\t\t\t\t\t\t\t\t\t\t\t<\/div>\n\t\t\t\t<\/div>\n\t\t\t\t\t<\/div>\n\t\t<\/div>\n\t\t\t\t\t<\/div>\n\t\t<\/section>\n\t\t\t\t<section class=\"elementor-section elementor-inner-section elementor-element elementor-element-fa86bff elementor-section-content-middle elementor-section-boxed elementor-section-height-default elementor-section-height-default\" data-id=\"fa86bff\" data-element_type=\"section\">\n\t\t\t\t\t\t<div class=\"elementor-container elementor-column-gap-default\">\n\t\t\t\t\t<div class=\"elementor-column elementor-col-50 elementor-inner-column elementor-element elementor-element-c0c1f48 elementor-invisible\" data-id=\"c0c1f48\" data-element_type=\"column\" data-settings=\"{&quot;animation&quot;:&quot;fadeInLeft&quot;}\">\n\t\t\t<div class=\"elementor-widget-wrap elementor-element-populated\">\n\t\t\t\t\t\t<div class=\"elementor-element elementor-element-b3e0e71 elementor-widget elementor-widget-image\" data-id=\"b3e0e71\" data-element_type=\"widget\" data-widget_type=\"image.default\">\n\t\t\t\t<div class=\"elementor-widget-container\">\n\t\t\t\t\t\t\t\t\t\t\t\t\t\t\t<img decoding=\"async\" width=\"800\" height=\"1000\" src=\"https:\/\/dakar2026learningacademy.org\/wp-content\/uploads\/2025\/07\/ClipDown.com_466382069_1682599312308750_6714702189236922779_n-819x1024.jpg\" class=\"attachment-large size-large wp-image-8557\" alt=\"\" srcset=\"https:\/\/dakar2026learningacademy.org\/wp-content\/uploads\/2025\/07\/ClipDown.com_466382069_1682599312308750_6714702189236922779_n-819x1024.jpg 819w, https:\/\/dakar2026learningacademy.org\/wp-content\/uploads\/2025\/07\/ClipDown.com_466382069_1682599312308750_6714702189236922779_n-240x300.jpg 240w, https:\/\/dakar2026learningacademy.org\/wp-content\/uploads\/2025\/07\/ClipDown.com_466382069_1682599312308750_6714702189236922779_n-768x960.jpg 768w, https:\/\/dakar2026learningacademy.org\/wp-content\/uploads\/2025\/07\/ClipDown.com_466382069_1682599312308750_6714702189236922779_n-10x12.jpg 10w, https:\/\/dakar2026learningacademy.org\/wp-content\/uploads\/2025\/07\/ClipDown.com_466382069_1682599312308750_6714702189236922779_n.jpg 1080w\" sizes=\"(max-width: 800px) 100vw, 800px\" \/>\t\t\t\t\t\t\t\t\t\t\t\t\t\t\t<\/div>\n\t\t\t\t<\/div>\n\t\t\t\t\t<\/div>\n\t\t<\/div>\n\t\t\t\t<div class=\"elementor-column elementor-col-50 elementor-inner-column elementor-element elementor-element-834ea3e elementor-invisible\" data-id=\"834ea3e\" data-element_type=\"column\" data-settings=\"{&quot;animation&quot;:&quot;fadeInLeft&quot;}\">\n\t\t\t<div class=\"elementor-widget-wrap elementor-element-populated\">\n\t\t\t\t\t\t<div class=\"elementor-element elementor-element-9876915 elementor-widget elementor-widget-heading\" data-id=\"9876915\" data-element_type=\"widget\" data-widget_type=\"heading.default\">\n\t\t\t\t<div class=\"elementor-widget-container\">\n\t\t\t\t\t<h2 class=\"elementor-heading-title elementor-size-default\">ARAME GUEYE S\u00c8NE <\/h2>\t\t\t\t<\/div>\n\t\t\t\t<\/div>\n\t\t\t\t<div class=\"elementor-element elementor-element-ea54ebe elementor-widget elementor-widget-heading\" data-id=\"ea54ebe\" data-element_type=\"widget\" data-widget_type=\"heading.default\">\n\t\t\t\t<div class=\"elementor-widget-container\">\n\t\t\t\t\t<h2 class=\"elementor-heading-title elementor-size-default\">Experte en d\u00e9veloppement, leader engag\u00e9e pour la jeunesse africaine <\/h2>\t\t\t\t<\/div>\n\t\t\t\t<\/div>\n\t\t\t\t<div class=\"elementor-element elementor-element-85cda1e elementor-widget elementor-widget-text-editor\" data-id=\"85cda1e\" data-element_type=\"widget\" data-widget_type=\"text-editor.default\">\n\t\t\t\t<div class=\"elementor-widget-container\">\n\t\t\t\t\t\t\t\t\t<p><span data-contrast=\"auto\">Directrice ex\u00e9cutive de Social Change Factory, Arame Gueye S\u00e8ne est une actrice majeure de l\u2019innovation sociale au S\u00e9n\u00e9gal. Engag\u00e9e depuis plus de dix ans pour la formation, la participation citoyenne et l\u2019autonomisation des jeunes, elle \u0153uvre chaque jour \u00e0 construire une soci\u00e9t\u00e9 plus inclusive, \u00e9quitable et tourn\u00e9e vers l\u2019avenir.<\/span><span data-ccp-props=\"{}\">\u00a0<\/span><\/p><p><span data-ccp-props=\"{}\">\u00a0<\/span><span data-contrast=\"auto\">Femme de vision et de terrain, elle croit fermement en la capacit\u00e9 des jeunes \u00e0 \u00eatre des moteurs du changement. \u00c0 travers ses projets et prises de parole, elle encourage une jeunesse responsable, solidaire et consciente de son pouvoir d\u2019agir.<\/span><span data-ccp-props=\"{}\">\u00a0<\/span><\/p><p><span data-ccp-props=\"{}\">\u00a0<\/span><span data-contrast=\"auto\">Ambassadrice de Dakar 2026, Arame incarne l\u2019impact social, le leadership f\u00e9minin et l\u2019espoir d\u2019un avenir construit par et pour la jeunesse africaine.<\/span><span data-ccp-props=\"{}\">\u00a0<\/span><\/p><p><span data-ccp-props=\"{}\">\u00a0<\/span><span data-contrast=\"auto\">Ambassadeur de Dakar 2026, il incarne l\u2019engagement citoyen, l\u2019espoir d\u2019une jeunesse active et la puissance du collectif pour b\u00e2tir un monde meilleur gr\u00e2ce au sport et \u00e0 l\u2019\u00e9ducation.<\/span><span data-ccp-props=\"{}\">\u00a0<\/span><\/p>\t\t\t\t\t\t\t\t<\/div>\n\t\t\t\t<\/div>\n\t\t\t\t\t<\/div>\n\t\t<\/div>\n\t\t\t\t\t<\/div>\n\t\t<\/section>\n\t\t\t\t\t<\/div>\n\t\t<\/div>\n\t\t\t\t\t<\/div>\n\t\t<\/section>\n\t\t\t\t<\/div>\n\t\t","protected":false},"excerpt":{"rendered":"<p>Ambassadeurs SOBEL AZIZ NGOM Entrepreneur social, militant pour l\u2019employabilit\u00e9 des jeunes Sobel Aziz Ngom est un acteur cl\u00e9 de la transformation sociale au S\u00e9n\u00e9gal. \u00c0 la t\u00eate du consortium Jeunesse S\u00e9n\u00e9gal, il travaille sans rel\u00e2che pour am\u00e9liorer l\u2019employabilit\u00e9, l\u2019\u00e9ducation et la participation citoyenne des jeunes. Son engagement se traduit par des projets concrets et une [&hellip;]<\/p>\n","protected":false},"author":1,"featured_media":0,"parent":0,"menu_order":0,"comment_status":"closed","ping_status":"closed","template":"elementor_header_footer","meta":{"_acf_changed":false,"footnotes":""},"class_list":["post-198","page","type-page","status-publish","hentry"],"acf":[],"_links":{"self":[{"href":"https:\/\/dakar2026learningacademy.org\/index.php?rest_route=\/wp\/v2\/pages\/198","targetHints":{"allow":["GET"]}}],"collection":[{"href":"https:\/\/dakar2026learningacademy.org\/index.php?rest_route=\/wp\/v2\/pages"}],"about":[{"href":"https:\/\/dakar2026learningacademy.org\/index.php?rest_route=\/wp\/v2\/types\/page"}],"author":[{"embeddable":true,"href":"https:\/\/dakar2026learningacademy.org\/index.php?rest_route=\/wp\/v2\/users\/1"}],"replies":[{"embeddable":true,"href":"https:\/\/dakar2026learningacademy.org\/index.php?rest_route=%2Fwp%2Fv2%2Fcomments&post=198"}],"version-history":[{"count":6,"href":"https:\/\/dakar2026learningacademy.org\/index.php?rest_route=\/wp\/v2\/pages\/198\/revisions"}],"predecessor-version":[{"id":8583,"href":"https:\/\/dakar2026learningacademy.org\/index.php?rest_route=\/wp\/v2\/pages\/198\/revisions\/8583"}],"wp:attachment":[{"href":"https:\/\/dakar2026learningacademy.org\/index.php?rest_route=%2Fwp%2Fv2%2Fmedia&parent=198"}],"curies":[{"name":"wp","href":"https:\/\/api.w.org\/{rel}","templated":true}]}}